ands digit of 30500?
0
What is the hundreds digit of 12534?
5
What is the tens digit of 48137?
3
What is the ten thousands digit of 21999?
2
What is the thousands digit of 5058?
5
What is the units digit of 154?
4
What is the tens digit of 51707?
0
What is the hundreds digit of 635?
6
What is the units digit of 7911?
1
What is the tens digit of 932?
3
What is the units digit of 297?
7
What is the hundreds digit of 5007?
0
What is the tens digit of 6740?
4
What is the hundreds digit of 19874?
8
What is the thousands digit of 32212?
2
What is the units digit of 43889?
9
What is the thousands digit of 1762?
1
What is the tens digit of 2310?
1
What is the hundreds digit of 6056?
0
What is the thousands digit of 10834?
0
What is the hundreds digit of 1713?
7
What is the thousands digit of 2997?
2
What is the hundreds digit of 7621?
6
What is the tens digit of 4815?
1
What is the hundreds digit of 1864?
8
What is the units digit of 999?
9
What is the units digit of 5378?
8
What is the units digit of 634?
4
What is the tens digit of 495?
9
What is the thousands digit of 5641?
5
What is the units digit of 20723?
3
What is the units digit of 2972?
2
What is the ten thousands digit of 84446?
8
What is the units digit of 1917?
7
What is the tens digit of 9839?
3
What is the hundreds digit of 23974?
9
What is the thousands digit of 5301?
5
What is the hundreds digit of 628?
6
What is the tens digit of 86907?
0
What is the units digit of 1082?
2
What is the tens digit of 214?
1
What is the thousands digit of 3088?
3
What is the tens digit of 6991?
9
What is the hundreds digit of 4139?
1
What is the tens digit of 1543?
4
What is the units digit of 77981?
1
What is the ten thousands digit of 42638?
4
What is the hundreds digit of 79966?
9
What is the units digit of 6162?
2
What is the hundreds digit of 66200?
2
What is the thousands digit of 1354?
1
What is the hundreds digit of 60059?
0
What is the units digit of 821?
1
What is the hundred thousands digit of 135094?
1
What is the tens digit of 64?
6
What is the hundreds digit of 476?
4
What is the hundreds digit of 61731?
7
What is the tens digit of 9396?
9
What is the units digit of 9275?
5
What is the units digit of 326?
6
What is the hundreds digit of 44412?
4
What is the tens digit of 51078?
7
What is the hundreds digit of 13007?
0
What is the tens digit of 25669?
6
What is the hundreds digit of 3070?
0
What is the tens digit of 6976?
7
What is the thousands digit of 27530?
7
What is the units digit of 8584?
4
What is the hundreds digit of 1039?
0
What is the thousands digit of 15700?
5
What is the hundreds digit of 40156?
1
What is the thousands digit of 3112?
3
What is the units digit of 1465?
5
What is the thousands digit of 8432?
8
What is the tens digit of 4881?
8
What is the hundreds digit of 34576?
5
What is the units digit of 1288?
8
What is the ten thousands digit of 43258?
4
What is the ten thousands digit of 52039?
5
What is the tens digit of 11888?
8
What is the hundreds digit of 20034?
0
What is the hundreds digit of 1035?
0
What is the tens digit of 25979?
7
What is the tens digit of 2237?
3
What is the tens digit of 21976?
7
What is the units digit of 121628?
8
What is the thousands digit of 3803?
3
What is the thousands digit of 11562?
1
What is the hundreds digit of 124?
1
What is the tens digit of 1362?
6
What is the units digit of 40211?
1
What is the units digit of 1789?
9
What is the hundreds digit of 306?
3
What is the hundreds digit of 2219?
2
What is the hundreds digit of 526?
5
What is the thousands digit of 42333?
2
What is the ten thousands digit of 47079?
4
What is the thousands digit of 36246?
6
What is the ten thousands digit of 16485?
1
What is the units digit of 44077?
7
What is the ten thousands digit of 78600?
7
What is the hundreds digit of 7355?
3
What is the units digit of 74587?
7
What is the ten thousands digit of 15013?
1
What is the thousands digit of 15130?
5
What is the tens digit of 1061?
6
What is the units digit of 63426?
6
What is the thousands digit of 11917?
1
What is the ten thousands digit of 87791?
8
What is the units digit of 126?
6
What is the ten thousands digit of 148625?
4
What is the tens digit of 476?
7
What is the tens digit of 89097?
9
What is the hundreds digit of 33684?
6
What is the units digit of 355?
5
What is the tens digit of 171911?
1
What is the tens digit of 753?
5
What is the hundreds digit of 6971?
9
What is the ten thousands digit of 69086?
6
What is the hundreds digit of 3038?
0
What is the tens digit of 116?
1
What is the tens digit of 10179?
7
What is the tens digit of 1701?
0
What is the ten thousands digit of 15164?
1
What is the hundreds digit of 866?
8
What is the hundreds digit of 6560?
5
What is the hundreds digit of 13775?
7
What is the thousands digit of 10623?
0
What is the thousands digit of 4959?
4
What is the units digit of 59704?
4
What is the tens digit of 2626?
2
What is the tens digit of 3107?
0
What is the hundreds digit of 1066?
0
What is the ten thousands digit of 22667?
2
What is the units digit of 48284?
4
What is the tens digit of 1121?
2
What is the units digit of 13387?
7
What is the tens digit of 561?
6
What is the thousands digit of 14722?
4
What is the thousands digit of 22180?
2
What is the ten thousands digit of 18422?
1
What is the units digit of 1732?
2
What is the thousands digit of 11763?
1
What is the ten thousands digit of 131097?
3
What is the tens digit of 110221?
2
What is the ten thousands digit of 117457?
1
What is the units digit of 10661?
1
What is the ten thousands digit of 93382?
9
What is the tens digit of 10050?
5
What is the thousands digit of 13067?
3
What is the hundreds digit of 37783?
7
What is the units digit of 7?
7
What is the tens digit of 21868?
6
What is the tens digit of 1817?
1
What is the tens digit of 161917?
1
What is the units digit of 1808?
8
What is the thousands digit of 3790?
3
What is the units digit of 718?
8
What is the units digit of 551?
1
What is the thousands digit of 40278?
0
What is the thousands digit of 1523?
1
What is the units digit of 2769?
9
What is the ten thousands digit of 79602?
7
What is the units digit of 899?
9
What is the thousands digit of 17685?
7
What is the thousands digit of 1251?
1
What is the hundreds digit of 66508?
5
What is the ten thousands digit of 20604?
2
What is the units digit of 1655?
5
What is the units digit of 2537?
7
What is the tens digit of 25302?
0
What is the ten thousands digit of 17560?
1
What is the tens digit of 98369?
6
What is the hundreds digit of 1565?
5
What is the units digit of 43558?
8
What is the ten thousands digit of 93326?
9
What is the hundreds digit of 35523?
5
What is the units digit of 110?
0
What is the thousands digit of 28648?
8
What is the units digit of 73341?
1
What is the ten thousands digit of 37491?
3
What is the hundreds digit of 36683?
6
What is the units digit of 765?
5
What is the ten thousands digit of 26682?
2
What is the hundreds digit of 211?
2
What is the tens digit of 975?
7
What is the units digit of 1536?
6
What is the hundreds digit of 3216?
2
What is the tens digit of 64143?
4
What is the hundreds digit of 1076?
0
What is the hundreds digit of 231?
2
What is the tens digit of 1862?
6
What is the hundreds digit of 494?
4
What is the tens digit of 68998?
9
What is the thousands digit of 3541?
3
What is the hundreds digit of 1174?
1
What is the tens digit of 5430?
3
What is the tens digit of 2533?
3
What is the thousands digit of 1187?
1
What is the tens digit of 6970?
7
What is the tens digit of 938?
3
What is the hundreds digit of 960?
9
What is the units digit of 4586?
6
What is the units digit of 2486?
6
What is the tens digit of 2219?
1
What is the ten thousands digit of 23276?
2
What is the thousands digit of 1105?
1
What is the ten thousands digit of 92703?
9
What is the units digit of 3389?
9
What is the units digit of 70056?
6
What is the hundreds digit of 19957?
9
What is the hundreds digit of 9957?
9
What is the thousands digit of 2768?
2
What is the ten thousands digit of 176421?
7
What is the ten thousands digit of 15997?
1
What is the thousands digit of 1577?
1
What is the units digit of 4823?
3
What is the tens digit of 706?
0
What is the hundreds digit of